
39
Let j(s) = -23*s - 54. Let r be j(-3). Suppose r = -k + 31. Let a(h) = 177*h**3 - 1. Let n be a(1). Calculate the greatest common divisor of n and k.
16
Let n = -2321 - -2337. Let u be (-2)/(-5) + (-102)/30. Let q = 27 + u. What is the greatest common factor of q and n?
8
Let f(a) = -2*a**3 + 186*a**2 + 23*a + 885. Let r be f(93). Calculate the highest common divisor of r and 896.
112
Suppose -72 = 3*v + 42. Let k = 73 + v. What is the greatest common divisor of 15 and k?
5
Let b be ((-105)/63)/(1/3). Let w(l) = -l**3 - 2*l**2 + 12*l - 6. Let v be w(b). Calculate the highest common factor of v and 21.
3
Let l = 3126 + -3063. What is the greatest common factor of 2331 and l?
63
Let z(y) = 4*y**2 + 220*y + 1230. Let j be z(-6). Calculate the highest common factor of j and 2952.
18
Let w be (-1)/(4 + (-2825)/705). Suppose 2*g - 5*v - 23 = 8, 0 = -2*g - 5*v - 19. Suppose 0 = -g*d + 9*d - 564. Calculate the highest common divisor of d and w.
47
Let t be (-56)/28 - (1 + -9). Suppose 3*v - t*v = -480. Calculate the highest common factor of v and 120.
40
Let x(a) = -33*a - 36 - 4*a - 31*a. Let u be x(-9). Calculate the highest common factor of u and 18.
18
Suppose 5*t - 215 = 220. Suppose 6*l = -5 + 23. Calculate the highest common factor of t and l.
3
Let r be (75 - -2) + (-2)/(-2). Let i be 348/108 - -1*(-6)/27. Let l be ((-156)/(-10))/(i/10). What is the greatest common divisor of l and r?
26
Suppose -4*t = 5*b - 885, 4*b = 4*t - 1150 + 310. Let l = t + -163. What is the greatest common factor of l and 20?
4
Suppose 0 = 4*a + 20, -3*z - 1 = 5*a - 0. Suppose 0 = 4*n - 3*s - 645, n - z*s + 10*s = 175. What is the highest common factor of 66 and n?
33
Let f be 959 + (6 - -1 - (-25 - -25)). Calculate the greatest common divisor of f and 552.
138
Suppose 1064 = f + 6*u - 9*u, 2*f + 4*u - 2198 = 0. What is the greatest common divisor of f and 434?
217
Let f be 78/63*3*14. What is the highest common divisor of 2132 and f?
52
Suppose -38*u - 26*u = -237888. What is the greatest common divisor of 18 and u?
9
Suppose 97*p + 84*p - 7482 = 5188. Let z = 31 - 11. What is the greatest common factor of p and z?
10
Let h(q) = 24*q**2 - 84*q + 38. Let w be h(3). Suppose -t - 11 = -3*a + 6, 5*t - 5 = 0. Calculate the greatest common divisor of w and a.
2
Suppose -19 = -n - c, 0*n + 5*n - 4*c - 59 = 0. Let z be (-130)/n*(-11 - 1). Let s = 515 + -502. Calculate the highest common factor of s and z.
13
Let y = -48 - -49. Let j be (-280)/60 - y/3. Let v(g) = -g + 14. Let n be v(j). What is the highest common divisor of 19 and n?
19
Let a = 11 + 17. Let p = -6539 - -6541. Let z be (2/2)/(p/a). What is the highest common factor of 14 and z?
14
Suppose 51 = 3*b - 4*i, -2*b - 66*i + 36 = -69*i. Suppose 5*a + 4*l = 79, 2*l - 45 = -2*a - 13. Calculate the highest common divisor of b and a.
3
Suppose 5*p + 586 = -199. Let n = 227 + p. Let h = 5 + 9. Calculate the greatest common factor of h and n.
14
Let u(f) = -33*f**2 + 1341. Let z be u(0). Calculate the highest common divisor of z and 99.
9
Let m be (24/(-10))/(3/(-10)). Suppose -85 = -4*q - 573. Let o = q - -178. What is the greatest common divisor of m and o?
8
Suppose 2092 = 88*x - 1142 + 66. Calculate the highest common factor of 207 and x.
9
Suppose -1023 + 267 = -21*q. What is the highest common factor of 468 and q?
36
Let c = 3248 - 3240. Suppose -4*s - 7*r = -2*r - 236, -4*s + 268 = -3*r. What is the highest common factor of c and s?
8
Let v(l) = 27*l - 12 + 2*l**2 + 8*l - 9*l. Let m be v(-18). Let a = -103 + m. What is the greatest common factor of 13 and a?
13
Suppose -4*j + 20 = 4*m, 20*m = -4*j + 19*m + 8. What is the greatest common factor of j and 761?
1
Let y = -37 + 41. Let t(l) = -3*l**2 - 4*l + 9. Let m be t(y). Let p = m + 71. Calculate the highest common factor of p and 112.
16
Let p = 43 + -38. Suppose 0*h + m = 3*h - 123, p*h + m = 213. What is the greatest common factor of h and 54?
6
Let o = -265 + 54. Let t be 6/(-60) + o/(-10). Calculate the highest common factor of t and 357.
21
Let z be (-5)/(-25)*5/(-3) - 80/(-6). What is the highest common factor of z and 1391?
13
Suppose 0 = -142*i + 104*i + 2139 - 505. Calculate the highest common factor of i and 2.
1
Let v(b) = -b**3 - 70*b**2 - 146*b - 136. Let i be v(-68). What is the greatest common factor of i and 320?
32
Let l be (-7)/(-2)*21204/651. Calculate the greatest common factor of l and 1.
1
Let a = -1983 - -2025. Calculate the highest common divisor of a and 1050.
42
Suppose -49 = u - 4*u - 4*h, -4*u + 2*h + 80 = 0. Suppose 16*a + 42 = u*a. Calculate the highest common divisor of 16 and a.
2
Let w = 45 - 41. Suppose -w*h - 52 = -2*h. Let n be (91/h)/((-1)/2). What is the highest common divisor of 7 and n?
7
Let l(s) = -29*s - 791. Let h be l(-40). Suppose -4*y + 159 = -k - 9, -3*y = k - 119. What is the highest common divisor of y and h?
41
Let v = 14565 - 14564. What is the greatest common factor of v and 2969?
1
Let t be (-392)/(-35) - ((-8)/30)/(40/(-180)). Suppose 0 = 4*p - 10 + 122. Let l = -18 - p. Calculate the highest common divisor of t and l.
10
Suppose -75*o - 71*o + 195624 = 6*o. What is the highest common factor of 468 and o?
117
Let k = -14644 - -15596. What is the highest common factor of k and 312?
8
Let v(x) = -196*x + 3922. Let z be v(20). Calculate the greatest common divisor of 1286 and z.
2
Let n = -61 + 103. Let o(k) = -2*k**3 - k**2 + 5*k + 4. Suppose -10*j - 20 = -0. Let d be o(j). What is the greatest common factor of d and n?
6
Let g(p) = 3*p + 25. Let f be g(-18). Let k = -25 - f. Let h be (k/6)/(((-2)/(-69))/1). Calculate the greatest common divisor of 115 and h.
23
Let p(t) be the first derivative of 4*t**3/3 + t**2 + 3*t + 82. Let h = 3 + -5. Let i be p(h). Calculate the highest common divisor of 60 and i.
15
Suppose 2*p = 100*k - 95*k - 17368, -3*k = -p - 10419. Calculate the greatest common divisor of 60 and k.
10
Let d be ((-4338)/(-48))/((-19)/(-152)). Calculate the highest common factor of 6 and d.
3
Let m(c) = 12*c**2 + 88*c**3 + 3*c**2 + c - 16*c**2. Let x be m(1). Let q = x - -2. Calculate the greatest common divisor of 20 and q.
10
Suppose 21*n - 1932 = 18*n. Let m = n - 428. What is the highest common divisor of m and 27?
27
Suppose j = -3 + 3. Suppose j = -o + 69 + 19. Suppose 4*i - 3*v - 44 = -8*v, 55 = 5*i - 3*v. What is the highest common divisor of i and o?
11
Let j be 409/13906 + (-26926)/(-68). What is the greatest common divisor of 21582 and j?
198
Let f = 178 + -103. Let d(x) = -x**2 - 23*x + 11. Let a be d(-18). Suppose a*c - 98*c - 90 = 0. What is the greatest common factor of f and c?
15
Suppose -2*k + 120 - 24 = 0. Let j(t) = 8*t**2 - t**3 + 25 - 6 + 7*t - 15*t. Let w be j(7). Calculate the highest common divisor of w and k.
12
Suppose -4*n + 0*n + p = -275, 5*n - 4*p = 330. Let g = 1 - -56. Suppose g = 3*w - 27. What is the greatest common factor of w and n?
14
Let o(c) = 9*c**2 - 2*c + 177. Let a be o(12). What is the highest common factor of a and 189?
63
Let t = -142 + 143. Let b be (264/308)/(t/91). Calculate the greatest common divisor of 13 and b.
13
Suppose 0 = -2*i + 6*i - 32. Let o(l) = -1 - i*l + 13*l - 3*l - 3. Let t be o(6). Calculate the greatest common divisor of 20 and t.
4
Let n = -1727 + 1855. What is the greatest common factor of n and 400?
16
Let f = -28097 + 28900. What is the highest common factor of 949 and f?
73
Let p = -5163 + 12224. What is the greatest common divisor of 23 and p?
23
Suppose -2*z + 18 = 6. Let x(i) = 14*i - 54. Let n be x(z). Calculate the highest common divisor of n and 100.
10
Let p(w) = 4*w + 1323. Let f be p(-35). Calculate the highest common divisor of 13 and f.
13
Let z = -53 + 55. Suppose -5*m + m + 2*u = 8, z*u - 8 = 2*m. Suppose -7*r - 2*r + 135 = m. Calculate the highest common divisor of 5 and r.
5
Let v = 3995 + -3680. What is the greatest common factor of v and 350?
35
Let h(f) = -62*f + 5715. Let u be h(92). Let n = 104 - 3. Let l = n + -68. What is the highest common divisor of l and u?
11
Let f(t) = t + 97. Let c(v) = -v + 1. Let l(k) = -6*c(k) - f(k). Let d be l(26). What is the highest common divisor of 351 and d?
27
Suppose 3*q - 2*q = 2. Suppose 4*j - 7 = 3*a + 12, q*j + 2*a - 20 = 0. Let v be (3/6*-1)/(j/(-1176)). What 